alculate the greatest common divisor of s and g.
23
Let x = 35 + -105. Let m be (2/5 - (-63)/x)*-26. What is the greatest common factor of m and 91?
13
Let b(l) = -2*l**3 - l**2 - l + 278. Let a be b(0). Suppose a = 2*x - 218. What is the greatest common divisor of 8 and x?
8
Let u be -13*(3/(-3) - 4). Suppose 5*o = -5*k + 55, -o = -2*k + 6 + 22. Calculate the highest common divisor of u and k.
13
Suppose -28*l + 9910 = 137*l + 3145. Let z be 1027/5 - (-2)/(-5). Calculate the highest common divisor of l and z.
41
Let i be (54 + 2 - -3)/(2/12). Calculate the highest common divisor of 36 and i.
6
Let o(n) = n**2 - 4*n - 8. Let h be o(6). Suppose 0 = h*t + 5*k - 115 + 28, 3*t + 5*k = 64. Calculate the greatest common factor of 92 and t.
23
Suppose -2*q + 96 = -1606. What is the highest common divisor of 74 and q?
37
Suppose 501 = i + 468. What is the greatest common divisor of i and 33?
33
Suppose 51*z = 70*z - 14820. What is the highest common factor of 65 and z?
65
Let k = 207 - 170. Calculate the highest common divisor of 185 and k.
37
Let r be 2 - (15/(-20))/((-2)/(-144)). Calculate the greatest common factor of r and 42.
14
Let d be 3/9*(108 + -1 - 5). Calculate the greatest common factor of 221 and d.
17
Let m be (195/(-26))/(15/(-560)). What is the greatest common factor of m and 60?
20
Suppose -10*p = -3*n - 2*p + 42, -p = 5*n - 70. Calculate the highest common divisor of 70 and n.
14
Let z(a) = -a**3 + 10*a**2 + 2*a + 16. Let k be z(10). What is the highest common divisor of 198 and k?
18
Suppose -4*d + 406 = 2*s, 0*s = -5*s + 15. Calculate the greatest common factor of d and 75.
25
Suppose -1 + 5 = 4*i. Suppose 2*s = -2*s - 412. Let b = -92 - s. Calculate the highest common divisor of i and b.
1
Let g be -2 + 2 + (-19458)/(-46). Calculate the greatest common divisor of 9 and g.
9
Let s be 40/(-24)*3 - -75. What is the greatest common divisor of 40 and s?
10
Let o be 258/(-9 + (-143)/(-13)). Calculate the greatest common divisor of o and 645.
129
Let q = -1512 - -2139. Calculate the highest common factor of q and 57.
57
Suppose -4*v + w + 166 = 0, -4*w + 0*w = 5*v - 197. Let x = -11859 + 11982. What is the highest common factor of v and x?
41
Let g = 1386 - 1316. Calculate the greatest common divisor of g and 406.
14
Suppose 36*j = 21*j + 1095. Calculate the highest common divisor of 511 and j.
73
Suppose -5*b + 772 = -3*a, 4*a = -35 + 19. What is the greatest common divisor of 1520 and b?
152
Let u(x) be the first derivative of -45*x**2/2 + 17*x + 14. Let g be u(-5). Calculate the greatest common factor of 22 and g.
22
Suppose 0 = 7*b - 4*b + h - 73, 3*h - 3 = 0. What is the greatest common divisor of 624 and b?
24
Suppose -8 = -3*f + 5*p, 7*f - 2*f + 5*p = 80. Let c be (f - -5)/(8/20). Calculate the greatest common factor of c and 5.
5
Suppose -4*m + 1 = y, m + 11 + 0 = -4*y. Let k(g) = 14*g**2 + 7*g + 3. Let v be k(y). What is the greatest common divisor of 27 and v?
27
Let p(h) = -10*h**3 - 9*h**2 + 4*h + 20. Let r be p(-4). What is the greatest common factor of r and 20?
20
Let n(p) = 5*p + 7 + 0*p**2 - 6*p**2 + 7*p**2 + 5. Let g be n(-5). Let t be (140/g)/(2/18). What is the highest common factor of t and 15?
15
Suppose 13*y = 16*y - 36. Suppose y = -4*d + 10*d. What is the highest common factor of d and 6?
2
Let x = -115 + 434. Calculate the greatest common factor of 11 and x.
11
Let u be (-6)/(-8) - 46/8. Let l be 3 - (45 + u)/(-4). What is the greatest common factor of l and 13?
13
Suppose 2600 = 4*d - 2*i, 100*i = d + 102*i - 655. Calculate the highest common factor of 84 and d.
21
Suppose 0*o - 5*o + 35 = 0. Let j(t) = t**2 - 5*t - 4. Let y be j(o). Suppose -76*i = -87*i + 110. Calculate the greatest common factor of y and i.
10
Suppose 5*y - 2*y - 6 = 0. Let i = y + 4. Let b be ((-728)/208)/((-7)/4). Calculate the highest common divisor of b and i.
2
Suppose -718 = -5*j - t, 3*j + 2*t = 195 + 233. Calculate the greatest common divisor of 18 and j.
18
Let f = -19 - -31. Let n(y) = 8*y**2 - y + 1. Let w be n(1). Let d be 10 + 3/((-12)/w + 0). What is the highest common divisor of d and f?
4
Let p(f) = 2*f**2 + 6*f + 2. Let v be p(-3). Suppose -3*r + 41 = -4*x, 3*x + v = -4. What is the greatest common divisor of r and 77?
11
Let y be (-7 + (1 - 3))/(-1). Let p be ((-18)/(-7))/(12/42). Calculate the highest common divisor of y and p.
9
Let k be 82/(-4)*-2*8/(-4). Let b be 20/70 - (k/7)/1. What is the highest common factor of b and 108?
12
Let c = -2850 + 3166. Calculate the greatest common divisor of c and 395.
79
Let s(b) = -b + 3. Let k be s(-5). Suppose 360 = -16*f + 46*f. Calculate the highest common factor of k and f.
4
Let g be (13 + 24/(-2))*93. What is the greatest common divisor of 3 and g?
3
Let d be (-204)/51 - (-223*1 + -1). Calculate the greatest common divisor of d and 60.
20
Let n(j) = 9*j**2 + 9*j - 81. Let r be n(-12). What is the highest common factor of r and 3?
3
Let r be 61/1 + 10/(-10). Calculate the greatest common divisor of r and 405.
15
Let o = 10 + -7. Suppose -5*p = -o*h + 195, -4*h + 5*p = 9*p - 292. Let l = h - 50. Calculate the highest common factor of 220 and l.
20
Suppose 21 = 4*j - 3*p - 18, 5*p = -3*j + 22. Calculate the highest common factor of 6 and j.
3
Suppose -9*p - 26 + 314 = 0. Suppose -2*r = -3*s - 13, -5*s + 37 = 2*r + 2*r. What is the highest common factor of p and r?
8
Suppose 3*k - 286 + 1411 = 3*r, -373 = -r - k. Let l be (-4 + 2)/((8/222)/(-2)). Let p = -77 + l. Calculate the greatest common factor of r and p.
34
Suppose 12*b + 24 = 14*b. What is the greatest common factor of b and 20?
4
Let f = 53 - 43. Calculate the highest common divisor of f and 170.
10
Let x(b) = 0*b + b - 1 + 0 - 2*b. Let f be x(-5). Suppose j - 20 = 12. What is the greatest common divisor of f and j?
4
Let s = 457 - 331. Calculate the greatest common factor of s and 147.
21
Suppose 0 = 3*c - t - 78, c - 2*t + 0 = 21. Calculate the highest common divisor of c and 12.
3
Let k be (-13)/((-104)/24) - 0. Calculate the greatest common divisor of 15 and k.
3
Let w(l) = l**2 - 11*l - 2. Let c be w(11). Let z be 25/c*6*(-4)/20. What is the greatest common divisor of 3 and z?
3
Suppose 0 = 28*s - 25*s + 111. Let o be -4 - (1 + (s - 3)). Calculate the highest common factor of o and 35.
35
Let x(d) = 29*d + 4. Let c be x(-2). Let m = c - -75. What is the highest common factor of 168 and m?
21
Let l = 510 + -498. Let v = -40 - -172. What is the highest common factor of l and v?
12
Let v = 4 + 0. Let i(h) = 2*h - 9. Let d be i(6). Suppose -f - 9 = -2*y, -d*f = -y - 4 + 11. What is the greatest common divisor of v and y?
4
Let k be (1 - 4/3)*(-4 + 1). Let h be k/1 + 196/4. What is the highest common divisor of h and 20?
10
Let d = -1119 - -1125. Let n(a) = 7*a + 3. Let v be n(3). Calculate the greatest common factor of d and v.
6
Suppose -d - 18 = l, 2*l = d + 19 + 5. Let f be (-16 + 17)/(1*(-1)/d). Calculate the greatest common divisor of 160 and f.
20
Let w(m) = m**2 - m + 22. Let f be w(0). Let z = 150 + -247. Let c = z - -163. Calculate the highest common divisor of f and c.
22
Suppose -58*r + 66*r = 128. Calculate the greatest common factor of r and 144.
16
Let b(u) = 10*u - 27. Let z be b(10). Let d = -56 + z. Suppose 5*m - 134 = 36. Calculate the greatest common divisor of m and d.
17
Let f(s) be the first derivative of -9*s**2/2 + s + 3. Let h be f(1). Let v be ((-6)/h + -3)*-20. Calculate the greatest common divisor of v and 18.
9
Suppose 0 = -10*h - 18*h + 1512. What is the highest common divisor of 486 and h?
54
Let k(w) = -117*w**3 - 2*w**2 + 1. Let b be k(-1). Suppose -5*a + 31 = -9. Let l = b - a. Calculate the highest common factor of l and 12.
12
Let z be 57*(1 - ((-4)/(-6) + -1)). Let s = -72 + 262. What is the greatest common divisor of z and s?
38
Suppose 7*z + 246 = 4*z. Let k be (z/(-3))/(48/72). What is the greatest common factor of k and 410?
41
Let b be (-18)/(-7)*(2 + 1206/27). Calculate the greatest common divisor of 150 and b.
30
Suppose -23*m + 21*m + 162 = 0. Let w = -71 + m. What is the highest common divisor of w and 110?
10
Let q = 520 - 471. Calculate the greatest common factor of q and 7.
7
Suppose -3*n = d - 51, -d + 101*n = 106*n - 43. What is the greatest common factor of d and 13